 be j(-4). Determine h(v).
16
Let o = -87 - -84. Let d(v) = 2*v**3 + 4*v**2 + 4. What is d(o)?
-14
Let o(d) be the third derivative of 1/6*d**3 - d**2 + 0 + 1/8*d**4 + 0*d. Suppose 0 = 2*l - 5 + 3. What is o(l)?
4
Suppose 4*t = -3*k - 6 - 8, -t + 25 = -4*k. Let d(w) = w**2 + 8*w + 6. Calculate d(k).
-6
Let n(j) = -j**3 - 2*j**2 + j. Suppose -3*s + 2*s = -4*l + 18, -2*l + s = -10. Suppose -l*k - 5 = 3. Determine n(k).
-2
Let z be (-4)/(8 - 4) - -3. Let t(n) = n**2 - 1. Let s(j) = 6*j**2 + 2*j - 7. Let f(y) = s(y) - 5*t(y). Calculate f(z).
6
Suppose -3*b + 51 = 6. Let l = 21 - b. Let o(y) = -y**3 + 7*y**2 - 4*y - 3. What is o(l)?
9
Let f(n) = n**3 + 2*n**2 + 1. Suppose -3*s + k = -k - 10, s - 12 = 5*k. Let w = s + 0. Let y = w - 5. What is f(y)?
-8
Let o(n) = -n**2 + n + 1. Let s(j) = -j**2 - 2*j + 5. Let w(l) = 2*o(l) - s(l). Calculate w(2).
1
Let f be (2 - 1)*1*2. Suppose -4*q - 20 = -4*c, 0*q - f*q = c - 11. Suppose 3*x - c = -1. Let b(i) = -i**2 + 3*i - 2. What is b(x)?
0
Let b(k) = -4*k - 8. Let l(t) = t - 1. Let v(g) = -b(g) - 6*l(g). Determine v(6).
2
Suppose s = -4*r + r - 11, -4*r + s = 24. Let h(z) = -4*z**2 - 8*z - 4. Let j(m) = -5*m**2 - 8*m - 3. Let y(d) = -4*h(d) + 3*j(d). Give y(r).
-8
Let u(i) = -i**2 - i + 5. Suppose -4*d - 45 = 5*b, 3*b - 5*d = 4*b + 9. Let m(n) = -n**3 - 10*n**2 - 9*n. Let c be m(b). Give u(c).
5
Let s(q) = q**3 + 2*q**2 - 2*q + 8. Let g(a) = a**3 + 2 + 5 - 4*a**2 + 5*a**2 - 3*a. Let m(b) = -4*g(b) + 3*s(b). Let p be 0 + 2 + 4/2. Give m(p).
-12
Let g(w) = w**2 + w. Let s(t) = -t**3 + 2*t**2 - t**2 + 0*t**2 - t + 4*t**3 - 1. Let x be s(-1). What is g(x)?
2
Let z(w) = -w + 19. Let m be z(13). Let t(y) = y**3 - y**2. Let r(g) = -2*g**3 + 8*g**2 - 4*g - 5. Let p(j) = -r(j) - t(j). Give p(m).
-7
Let z(g) = -1 - 8*g**2 + g**2 + 2. Let x = 3 - 2. Calculate z(x).
-6
Let z = 3 - 1. Let y(k) = -7 + 3*k + 12 - z*k - k**2 + 0*k. Calculate y(4).
-7
Let n(z) = 2*z - 5. Let o(m) = m**3 - 4*m**2 + 6*m - 5. Let y = -2 - -6. Let l be o(y). Suppose -3*a - 4*q + l = 0, -3*a - 4*q = -2*q - 17. Calculate n(a).
5
Suppose 29 = -3*z + c, -3*z - 28 = 2*c + 13. Let l(j) = -j + 7. Let o(t) = -2*t + 13. Let r(a) = z*l(a) + 6*o(a). Give r(1).
0
Suppose -5 + 20 = -3*c, 0 = -2*h + 4*c + 32. Let q(n) = n - 8. What is q(h)?
-2
Let g(u) be the second derivative of -2/3*u**3 + u + 1/2*u**2 + 0. Suppose 5 = -3*r + 3*b - 7, -4*r - 3*b + 5 = 0. Give g(r).
5
Let c(l) = l**3 + 2*l**2 - 3*l - 4. Let k be (-2)/3*18/4. Let u be c(k). Let z(g) = g**2 + 5*g + 1. Calculate z(u).
-3
Let t(s) = 5 + 2*s + 3 - 4. Suppose 0 = -4*i - n - 21, -5*i - 30 = 8*n - 3*n. Determine t(i).
-6
Suppose 5 = 3*i - 2*i + 5*z, 2*z - 2 = i. Let k(t) = -1. Let c(l) = -l + 4. Let w(x) = c(x) + 3*k(x). Give w(i).
1
Let x(h) = -h**2 - h - 1 + 4*h + 4. Let o(d) = 2*d**2 - 22*d - 20. Let m be o(12). Calculate x(m).
-1
Let b(y) = -3*y - 8. Let l(d) = d**3 + 6*d**2 + 6*d + 7. Let x be l(-5). Let m(f) = -16*f - 41. Let o(g) = x*m(g) - 11*b(g). Determine o(0).
6
Let v be 20/11 - (-2)/11. Let c(m) = m + m**v + 2 - 3 + 1 - 4. Give c(0).
-4
Let n(a) be the third derivative of -a**5/60 - a**4/8 + 5*a**3/6 - 18*a**2. Give n(-5).
-5
Let x = -6 + 11. Suppose 3*u + 2*m = 9, 0 = -3*u + 4*m + 9. Let w(q) = -q**3 - u*q**2 + 5*q**2 + 2 + 3*q**2 + q. What is w(x)?
7
Let r(i) = -i + 9. Suppose 0*j - 48 = -5*b - 2*j, 3*b - j - 20 = 0. Determine r(b).
1
Let w(k) = -k**2 - 6*k - 5. Let z be w(-4). Suppose -z*l - 5*u = -8*l - 5, 5*l - u = 15. Let d be 14/18 + l/18. Let t(q) = q - 2. What is t(d)?
-1
Let f(d) = 6*d + 3*d**3 - 5*d**2 - d**3 + 7*d**2 - 3*d**3 - 3. Calculate f(4).
-11
Let k(q) = -7*q - 3. Let i(g) = g + 5. Let p be i(-7). Give k(p).
11
Suppose 40*y + 48 = 32*y. Let l(j) = j + 1. Give l(y).
-5
Let z(m) = m**2 + 5*m. Let s(q) = -3*q**2 - 14*q. Let y(f) = -3*s(f) - 8*z(f). What is y(-3)?
3
Let b(o) = -6*o - o**2 - o**3 + 2*o**3 - 3 + 4*o**2 + 0. Give b(-4).
5
Let d(r) = -7*r**3 + 1. Let q be d(1). Let o(s) = 31*s + 7*s**2 + 9 - 10 - 26*s + s**3. What is o(q)?
5
Let q(i) = i - 2. Let u(t) = t**3 + 8*t**2 + 9*t - 12. Let f be u(-6). Determine q(f).
4
Let w(u) be the first derivative of -1/2*u**2 + 2 + 3*u. Suppose 2*q + 20 = 6*q. Determine w(q).
-2
Let h(r) = -2*r**3 - 6*r**2 + r - 6. Let j = -19 - -12. Let b(x) = -5*x**3 - 13*x**2 + x - 13. Let c(i) = j*h(i) + 3*b(i). What is c(3)?
-9
Let c(a) = a**3 + 4*a**2 - 4*a + 2. Let g(k) = 4*k - 1. Let p be g(-2). Let f = 5 + p. Let d be 1 + -5 + f/4. Calculate c(d).
-3
Let o(u) = -u - 3. Let j(d) be the third derivative of 0*d + 1/60*d**5 + 4*d**2 - 1/3*d**3 + 0 + 1/24*d**4. Let q be j(2). Give o(q).
-7
Let n(l) be the second derivative of l**4/12 - l**3/2 - l**2/2 - 17*l. Let y = -5 + 8. Determine n(y).
-1
Let z be (132/33)/(1/2 - 1). Let a(w) = w**2 + 8*w - 2. Give a(z).
-2
Let y(m) = -m**2 - 5*m - 3. Let z be y(-4). Let f(v) = -8*v**3 + v**2 + 2*v + 3. Let u(j) = -j**3 - j**2 - j - 1. Let b(x) = f(x) + 2*u(x). Determine b(z).
-10
Let j(x) = -x**3 + x**2 + x - 1. Let y(t) = -6*t**3 + 6*t**2 + 5*t - 4. Let m(i) = 11*j(i) - 2*y(i). Suppose 2*f = 7*f + 20, -2*d = 3*f + 12. What is m(d)?
-3
Suppose 0*w + 2*p = 2*w, -3 = -2*w + p. Suppose 4*b - 3 - 1 = 3*d, w*b = 4*d + 3. Let a(z) = 7*z**2 + z. Calculate a(b).
8
Let m(s) = -2*s - 5*s + s**2 - 4 - 2*s**2 + 0*s. Suppose -3 = 2*k + 2*h + 3, 19 = -5*k - 3*h. What is m(k)?
6
Let s(n) = 3 - 2*n + 2*n**2 - 2*n**2 - n**2. Let q be (-3)/(-2) - 1/(-2). Determine s(q).
-5
Let d = -12 - -9. Let l = d + 5. Suppose -4*i = 2*x - 24, -5*i = l*x - 5*x - 8. Let y(k) = -2*k**2 + 5*k + 3. Determine y(i).
-9
Let u(p) be the first derivative of p**4/4 - 4*p**3 + 5*p**2 + 13*p - 69. Determine u(11).
2
Let t(d) be the second derivative of -d**5/30 - d**4/12 - d**3/2 + d**2 - 2*d. Let a(c) be the first derivative of t(c). Calculate a(-2).
-7
Let f(j) = j**2 + 6*j + 3. Let a be f(-4). Let d(w) = -4*w**3 + 3*w**2 - w - 3. Let y(m) = -3*m**3 + 2*m**2 - 2*m - 2. Let c(l) = a*y(l) + 4*d(l). Give c(4).
-10
Let j(g) = g**2 + g - 3. Let a be j(-3). Let i = a - 2. Let v(r) = 4*r**3 + r**2 - 2*r + 1. Calculate v(i).
4
Let n(q) = -q**3 - 4*q**2 - 2*q + 1. Let x be (-5)/(-10)*(-7 + 1). Let m be n(x). Let u = 6 + m. Let w(b) = b**2 - 6*b + 1. Determine w(u).
-7
Let m be -2 + (-3)/((-9)/12). Let v = -3 + m. Let b be 0 + 2 + v + -3. Let x(k) = k**3 + 3*k**2 + 2*k + 1. Determine x(b).
1
Let l(s) = 2*s**3 - 3*s**2 + 3*s - 6. Let h(b) = 3*b**3 - 5*b**2 + 5*b - 11. Let w(n) = -3*h(n) + 5*l(n). Calculate w(0).
3
Let r(f) = 2*f**2 + 5*f - 3. Let c(m) = m + 4. Let i be c(-3). Let x = i - 2. Let q be (-3)/((-6)/(-10)) - x. What is r(q)?
9
Suppose 6*x + 6 = -6. Let f(o) = -o**2 - 16*o + 16*o. What is f(x)?
-4
Let q(f) = -f**2 - 4*f + 2. Let u be q(-4). Let h(s) = -u*s - 2*s - 5 + s. Give h(-4).
7
Let q(t) be the second derivative of t**6/720 + t**5/40 - t**4/12 - 5*t. Let g(j) be the third derivative of q(j). Calculate g(5).
8
Let n(l) be the second derivative of -l**6/120 - l**5/30 + l**3/3 - 2*l**2 - l. Let o(t) be the first derivative of n(t). Give o(-2).
2
Let v(h) = 10*h**3 + 4*h**2 + 2*h - 2. Let b(u) = 11*u**3 + 5*u**2 + 2*u - 3. Let a(k) = 3*b(k) - 4*v(k). Let p = -1 - 0. Calculate a(p).
7
Let m(s) = -4 - s**2 - s + 7*s - s. Let y be (-1)/((21/56)/(27/(-12))). Determine m(y).
-10
Let u(m) be the second derivative of m**5/20 - m**3/6 - m**2/2 - 19*m. Let a = 2 + -3. Give u(a).
-1
Let r(p) = p**3 + 3*p**2 - 2*p + 1. Suppose 0 = -4*k - b - 17, -5*k + 2*b - 20 = 3*b. Calculate r(k).
7
Let o(b) = b**2 - 2*b. Let h = -38 - -58. Suppose 5*t - h = 0, -4*t = -2*d - 10 + 2. Give o(d).
8
Let v(o) = -o - 1. Let z(q) = 4*q + 3. Let h(b) = 3*v(b) + z(b). Suppose 0 = -3*y, 8 = 4*m + 3*y - 4*y. Let d be (-1)/m - 2/4. Calculate h(d).
-1
Let b(d) = -d**2 - 6*d - 6. Let w(j) = j**3 + 7*j**2 + 2. Suppose -u - 2*u = 21. Let g be w(u). Suppose -5*v - 4*z = -10*v - 33, -z + g = 0. Calculate b(v).
-1
Let q(i) be the second derivative of 1/20*i**5 + 5/6*i**3 + 2*i + 0 - 1/2*i**2 + 1/2*i**4. Let w(k) = k**3 + 8*k**2 + 12*k - 5. Let h be w(-6). What is q(h)?
-1
Let i(u) be the first derivative of -u**4/4 + 4*u**3/3 + 2*u**2 - 3*u + 5. What is i(4)?
13
Suppose -3*d - 3*h + 8 = -1, 0 = 4*h. Let w(n) = -n**2 + 3*n. Give w(d).
0
Suppose 0 + 25 = -5*q. Let u(a) = -a - 11. Wh